{"id":15,"date":"2013-01-23T14:37:41","date_gmt":"2013-01-23T12:37:41","guid":{"rendered":"http:\/\/www.jaeb-guetersloh.de\/wordpress\/?page_id=15"},"modified":"2013-01-30T09:25:02","modified_gmt":"2013-01-30T07:25:02","slug":"gesetzliche-grundlagen","status":"publish","type":"page","link":"http:\/\/www.jaeb-guetersloh.de\/?page_id=15","title":{"rendered":"Gesetzliche Grundlagen"},"content":{"rendered":"<h1><strong>Das Kinderbildungsgesetz (KiBiz)<\/strong><\/h1>\n<p><a href=\"http:\/\/www.jaeb-guetersloh.de\/wp-content\/uploads\/2013\/01\/KiBiz.pdf\">Gesetzestext in der ab dem 1. August 2011 geltenden Fassung (PDF, 212 KB)<\/a><\/p>\n<p><span style=\"color: #000000;\"><strong>\u00c4nderung zum KiBiz<\/strong><\/span><br \/>\n<a href=\"http:\/\/www.jaeb-guetersloh.de\/wp-content\/uploads\/2013\/01\/1\u00c4nderung_KiBiz.pdf\">1. \u00c4nderung_KiBiz<\/a><\/p>\n<h1><strong>Gesch\u00e4ftsordnung<\/strong><\/h1>\n<p><a href=\"http:\/\/www.jaeb-guetersloh.de\/wp-content\/uploads\/2013\/01\/Geschaeftsordnung20121015.pdf\">Gesch\u00e4ftsordnung JAEB Guetersloh vom 2012-10-15<\/a><\/p>\n","protected":false},"excerpt":{"rendered":"<p>Das Kinderbildungsgesetz (KiBiz) Gesetzestext in der ab dem 1. August 2011 geltenden Fassung (PDF, 212 KB) \u00c4nderung zum KiBiz 1. \u00c4nderung_KiBiz Gesch\u00e4ftsordnung Gesch\u00e4ftsordnung JAEB Guetersloh vom 2012-10-15<\/p>\n","protected":false},"author":1,"featured_media":0,"parent":0,"menu_order":3,"comment_status":"closed","ping_status":"open","template":"","meta":{"footnotes":""},"class_list":["post-15","page","type-page","status-publish","hentry"],"_links":{"self":[{"href":"http:\/\/www.jaeb-guetersloh.de\/index.php?rest_route=\/wp\/v2\/pages\/15","targetHints":{"allow":["GET"]}}],"collection":[{"href":"http:\/\/www.jaeb-guetersloh.de\/index.php?rest_route=\/wp\/v2\/pages"}],"about":[{"href":"http:\/\/www.jaeb-guetersloh.de\/index.php?rest_route=\/wp\/v2\/types\/page"}],"author":[{"embeddable":true,"href":"http:\/\/www.jaeb-guetersloh.de\/index.php?rest_route=\/wp\/v2\/users\/1"}],"replies":[{"embeddable":true,"href":"http:\/\/www.jaeb-guetersloh.de\/index.php?rest_route=%2Fwp%2Fv2%2Fcomments&post=15"}],"version-history":[{"count":17,"href":"http:\/\/www.jaeb-guetersloh.de\/index.php?rest_route=\/wp\/v2\/pages\/15\/revisions"}],"predecessor-version":[{"id":57,"href":"http:\/\/www.jaeb-guetersloh.de\/index.php?rest_route=\/wp\/v2\/pages\/15\/revisions\/57"}],"wp:attachment":[{"href":"http:\/\/www.jaeb-guetersloh.de\/index.php?rest_route=%2Fwp%2Fv2%2Fmedia&parent=15"}],"curies":[{"name":"wp","href":"https:\/\/api.w.org\/{rel}","templated":true}]}}